ue
Is 20 a factor of 25577?
False
Is 6543803 a multiple of 651?
False
Is 54796 a multiple of 76?
True
Is 41 a factor of 68029?
False
Is 44 a factor of 1758504?
True
Is 193425 a multiple of 25?
True
Does 18 divide 1043050?
False
Is 147023 a multiple of 258?
False
Is 18089 a multiple of 14?
False
Does 55 divide 1572890?
True
Does 45 divide 138420?
True
Does 28 divide 504904?
False
Is 638361 a multiple of 213?
True
Is 42 a factor of 1383451?
False
Is 114 a factor of 122094?
True
Does 15 divide 277475?
False
Is 50965 a multiple of 5?
True
Does 146 divide 1156179?
False
Does 766 divide 902845?
False
Is 13 a factor of 240292?
True
Does 930 divide 2537970?
True
Is 316 a factor of 1994908?
True
Does 8 divide 13337?
False
Is 29376 a multiple of 18?
True
Does 1532 divide 1882400?
False
Is 9 a factor of 161995?
False
Is 6 a factor of 251817?
False
Does 98 divide 27440?
True
Does 51 divide 905046?
True
Does 320 divide 92411?
False
Is 1857154 a multiple of 3?
False
Is 684109 a multiple of 127?
False
Is 63 a factor of 332955?
True
Does 7 divide 387926?
True
Is 671435 a multiple of 13?
False
Is 116 a factor of 164488?
True
Is 810890 a multiple of 619?
True
Does 51 divide 216699?
True
Is 1926 a factor of 34948272?
False
Is 1111899 a multiple of 19?
True
Is 353 a factor of 193091?
True
Is 438982 a multiple of 19?
False
Is 1229 a factor of 2505850?
False
Is 1197900 a multiple of 121?
True
Is 245 a factor of 352494?
False
Is 282 a factor of 5496462?
True
Is 164301 a multiple of 90?
False
Does 679 divide 1688327?
False
Is 106 a factor of 393472?
True
Does 114 divide 256614?
True
Does 4 divide 36016?
True
Does 9 divide 706815?
True
Is 18722266 a multiple of 9?
False
Is 9 a factor of 666147?
False
Does 2 divide 613373?
False
Is 14 a factor of 917658?
True
Is 415 a factor of 4604840?
True
Is 345684 a multiple of 142?
False
Is 16 a factor of 7684597?
False
Does 9 divide 353251?
False
Is 366 a factor of 319776?
False
Is 5309826 a multiple of 654?
True
Is 4 a factor of 192817?
False
Is 790096 a multiple of 30?
False
Is 12 a factor of 5883768?
True
Does 26 divide 4103502?
True
Does 655 divide 1417420?
True
Does 36 divide 7481376?
True
Does 33 divide 321420?
True
Is 426240 a multiple of 296?
True
Is 5284538 a multiple of 14?
True
Is 384 a factor of 22600?
False
Does 3 divide 72401?
False
Is 19354 a multiple of 7?
False
Does 9 divide 366165?
True
Does 29 divide 810885?
False
Is 75768 a multiple of 154?
True
Does 16 divide 3713195?
False
Is 887815 a multiple of 3?
False
Is 1820730 a multiple of 37?
False
Is 25 a factor of 409985?
False
Is 232530 a multiple of 69?
True
Is 1329857 a multiple of 151?
True
Does 16 divide 3002?
False
Is 273 a factor of 4145505?
True
Is 72355 a multiple of 145?
True
Is 79940 a multiple of 14?
True
Is 258168 a multiple of 93?
True
Is 25 a factor of 256710?
False
Is 324 a factor of 1153119?
False
Is 11 a factor of 5183112?
True
Is 16 a factor of 213707?
False
Is 1414483 a multiple of 14?
False
Does 119 divide 1541050?
True
Is 13398 a multiple of 29?
True
Does 20 divide 440208?
False
Does 7 divide 3421299?
True
Is 1804040 a multiple of 17?
True
Is 988687 a multiple of 358?
False
Is 12 a factor of 763836?
True
Is 1628570 a multiple of 22?
False
Is 1173 a factor of 10128855?
True
Is 733770 a multiple of 465?
True
Does 2 divide 47568?
True
Is 293040 a multiple of 55?
True
Is 13640 a multiple of 220?
True
Does 48 divide 3461520?
True
Does 205 divide 468996?
False
Is 6 a factor of 951582?
True
Is 9 a factor of 260082?
True
Is 1416804 a multiple of 17?
False
Does 36 divide 151956?
True
Is 123200 a multiple of 10?
True
Does 31 divide 1633912?
False
Is 40600 a multiple of 8?
True
Is 1728425 a multiple of 47?
True
Does 36 divide 4873212?
True
Is 2407005 a multiple of 601?
True
Is 342815 a multiple of 11?
True
Does 822 divide 22198932?
True
Is 68 a factor of 2059856?
True
Is 231150 a multiple of 5?
True
Is 374 a factor of 20187718?
False
Does 316 divide 196563?
False
Is 13 a factor of 314665?
True
Does 11 divide 320437?
False
Does 17 divide 1576274?
True
Is 786037 a multiple of 28?
False
Is 22523 a multiple of 101?
True
Is 893112 a multiple of 24?
True
Is 69366 a multiple of 110?
False
Does 155 divide 353614?
False
Does 42 divide 944865?
False
Does 10 divide 3040530?
True
Is 95 a factor of 242181?
False
Is 213656 a multiple of 12?
False
Does 100 divide 466300?
True
Does 16 divide 55232?
True
Is 11 a factor of 15952906?
False
Is 6 a factor of 59046?
True
Is 3186204 a multiple of 996?
True
Does 209 divide 293559?
False
Is 9697582 a multiple of 34?
True
Is 40425 a multiple of 186?
False
Is 111 a factor of 232305?
False
Is 60 a factor of 246608?
False
Is 13649 a multiple of 5?
False
Is 627 a factor of 4271238?
False
Is 4802410 a multiple of 79?
True
Does 6 divide 2956097?
False
Is 79218 a multiple of 93?
False
Does 17 divide 128945?
True
Is 5 a factor of 25147?
False
Does 4 divide 101216?
True
Is 14 a factor of 229614?
True
Is 11649 a multiple of 3?
True
Is 3 a factor of 19535?
False
Does 64 divide 265600?
True
Is 251 a factor of 12245537?
True
Is 471709 a multiple of 79?
True
Is 192470 a multiple of 5?
True
Is 14 a factor of 3288780?
False
Does 62 divide 336102?
True
Is 31 a factor of 77479?
False
Does 81 divide 7283211?
False
Is 37 a factor of 186850?
True
Is 611 a factor of 2797769?
True
Does 33 divide 485792?
False
Is 121731 a multiple of 182?
False
Is 4 a factor of 170408?
True
Is 97402 a multiple of 62?
True
Is 678 a factor of 699022?
False
Is 7 a factor of 75575?
False
Does 15 divide 22140?
True
Is 270 a factor of 318175?
False
Is 100639 a multiple of 380?
False
Is 3252094 a multiple of 25?
False
Is 7 a factor of 214788?
True
Is 31 a factor of 1291119?
True
Is 5 a factor of 630676?
False
Is 642 a factor of 1297482?
True
Is 1040633 a multiple of 78?
False
Does 635 divide 124416?
False
Does 15 divide 51084?
False
Is 12573372 a multiple of 826?
True
Does 20 divide 1489755?
False
Is 1713609 a multiple of 235?
False
Does 9 divide 6883938?
True
Does 347 divide 794630?
True
Is 971325 a multiple of 15?
True
Is 3 a factor of 267176?
False
Does 7 divide 94423?
True
Does 46 divide 638850?
False
Is 970294 a multiple of 46?
False
Is 25 a factor of 1975?
True
Is 73 a factor of 583416?
True
Is 77301 a multiple of 189?
True
Is 702792 a multiple of 227?
True
Is 822996 a multiple of 18?
True
Is 49118 a multiple of 3?
False
Is 1163292 a multiple of 14?
False
Is 4265713 a multiple of 1306?
False
Is 92694 a multiple of 42?
True
Does 13 divide 543257?
True
Is 3 a factor of 18106?
False
Is 334 a factor of 586308?
False
Is 194712 a multiple of 244?
True
Does 7 divide 1317706?
False
Is 7571941 a multiple of 13?
True
Is 40 a factor of 19405750?
False
Is 43 a factor of 272134?
False
Is 2183 a multiple of 37?
True
Is 847522 a multiple of 142?
False
Does 22 divide 1042866?
True
Is 259 a factor of 75887?
True
Is 155837 a multiple of 35?
False
Is 6303914 a multiple of 1303?
True
Is 174 a factor of 1378428?
True
Does 183 divide 32940?
True
Is 139 a factor of 1212497?
True
Is 182 a factor of 526032?
False
Is 1515407 a multiple of 175?
False
Is 28 a factor of 63946?
False
Does 188 divide 1222376?
True
Does 258 divide 184782?
False
Is 9 a factor of 38850?
False
Is 8 a factor of 168365?
False
Is 4438925 a multiple of 43?
False
Is 11 a factor of 1032992?
False
Is 19292 a multiple of 212?
True
Is 120 a factor of 249227?
False
Is 222464 a multiple of 316?
True
Is 13610 a multiple of 55?
False
Is 14 a factor of 726096?
True
Is 639 a factor of 2824888?
False
Does 134 divide 605546?
True
Does 665 divide 3326667?
False
Is 133338 a multiple of 42?
False
Is 166 a factor of 301751?
False
Is 232533 a multiple of 6?
False
Is 88020 a multiple of 238?
False
Is 168 a factor of 5361888?
True
Is 18 a factor of 310560?
False
Is 91 a factor of 54094?
False
Is 27 a factor of 17773606?
False
Is 39 a factor of 18844488?
True
Does 338 divide 1352?
True
Is 27 a factor of 697203?
False
Does 47 divide 14142817?
True
Is 93304 a multiple of 25?
False
Is 320 a factor of 7782269?
False
Does 16 divide 232112?
True
Does 202 divide 5873906?
False
Does 25 divide 10354?
False
Is 72774 a multiple of 311?
True
Is 254 a factor of 254803?
False
Does 39 divide 20163?
True
Is 79286 a multiple of 222?
False
Is 162 a factor of 